*3 + 2*y**2 + 6*y + 6. Let l(m) = 741*m**2 - 742*m**2 + 3*m + 6*m**3 - m**3 - 6*m - 3. Let r(w) = 4*j(w) + 7*l(w). What is r(-2)?
9
Let x(w) = -143 - 5*w - 55 + 309. Determine x(29).
-34
Suppose -2*r + 0*r + 5*z = -29, 5*z + 27 = r. Let a(t) be the second derivative of 3/2*t**2 - 2/3*t**3 + 1/12*t**4 + 0 - 88*t. Calculate a(r).
-1
Let i = 6080 + -6078. Let g be (-2)/(-1 - 0/1). Let x(o) = 4*o**g - 4*o - 4*o**i + o**2 - o + 2. Calculate x(4).
-2
Let u(d) be the first derivative of d**3/3 + 2*d**2 - 7*d - 966. Determine u(-4).
-7
Let j(n) = -51*n - n**3 - 18*n + 11 - 12*n + 75*n - 6*n**2. Give j(-4).
3
Let f(g) be the second derivative of g**3 - 23*g**2/2 + 980*g. Give f(11).
43
Let a be (-16 + (-21)/7)*17. Let c = -314 - a. Let o(t) = t**2 - 7*t - 16. What is o(c)?
2
Suppose -n + 3*g - g - 18 = 0, -102 = 5*n + 2*g. Let a(f) = -60*f - 39. Let j(k) = 269*k + 155. Let q(w) = 9*a(w) + 2*j(w). Determine q(n).
-1
Let g(u) = 6*u**2. Suppose 0 = 4*v - 4*w - 644, 4*v - 141 = 3*v - 3*w. Let p be (-3 - (-33)/9)*v/8. Suppose 4*b - p = -3*a, 0*a - 9 = -3*b - 2*a. Give g(b).
6
Let i(z) = z**2 - 3*z - 28. Let x be 795/135 - (-7)/63. What is i(x)?
-10
Let o(g) = -6964 + 2333 - 7*g + 2322 + 2325. Determine o(12).
-68
Let n = -51 - -44. Let m be (-26)/(-8) - ((-116)/(-16) + n). Let f(y) = 7*y - 6*y + 2*y**3 - 3 + 0*y + 2*y**2 - m*y. Calculate f(-2).
-7
Let u(f) = -f**3 - 5*f**2 + f - 5. Let b be -5 + 5 + (3 - 0)*-1. Let j(n) = 5*n**2 + 2 - n**2 + 8*n - 2*n**2. Let w be j(b). What is u(w)?
-25
Let q(t) = -2*t**3 - 4*t**2 + t + 8. Let z = 37147 + -37149. Determine q(z).
6
Suppose -2*x + 11 = 3. Suppose 75 = -88*t + 103*t. Let z(f) = 2 + x*f + 1 - 6 - t*f. Give z(-6).
3
Let l(a) = 11*a**3 - 31*a**2 + 3*a - 21. Let y(c) = -5*c**3 + 15*c**2 - 2*c + 6. Let x(u) = 4*l(u) + 9*y(u). Give x(10).
10
Let x(j) = -24*j + 28. Let w(o) = 13*o - 5. Let c(s) = 15*w(s) + 6*x(s). Give c(-2).
-9
Let n(q) be the third derivative of -q**4/6 - 7*q**3/3 + 870*q**2. What is n(13)?
-66
Suppose 5*m + r - 41 = 0, 3*m = 2*m - 3*r - 3. Suppose -5*p = -b + 24, -5*b + m*p = 4*p - 20. Let h(c) = 4 - c + 3*c**2 - 4. What is h(b)?
4
Suppose -5*s + 15*s = 26 + 14. Let x(p) = -6*p**2 + p**3 + 4 + p**2 - p**2 - 3*p + p. Give x(s).
-36
Let p(m) be the second derivative of -1/3*m**4 - 18*m + 3/2*m**2 + 1/20*m**5 + 0 + 1/6*m**3. Let o = -18 - -21. What is p(o)?
-3
Suppose 4*o = -w + 160, -w = -2*o - 598 + 678. Let k(q) = -q**2 + 36*q + 165. Give k(o).
5
Let m(r) = -r**2 + 22*r + 130. Let u be m(-5). Suppose -3*s + 0 = -6. Let g(x) = x + 2 + 0*x - s*x - 8. Give g(u).
-1
Let d(y) = -y**2 - 7*y - 89. Let l be -20 + 22 + ((-20)/14 - (-32)/(-56)). Determine d(l).
-89
Let h(j) = 3*j**3 + 3*j**2 - 61*j - 11. Let q be h(-5). Let c be 5 + -2 - (0 - -1). Let g(m) = -6*m + 3*m + 1 + c*m. Determine g(q).
7
Let t(o) = -7*o - 3. Suppose -13 + 5 = -2*j. Suppose -b = -j - 2. Suppose 0 = -5*z - g - 11, 2*g - b*g - 4 = 0. What is t(z)?
11
Let r(f) = -9*f + 3. Let k(a) = -6*a + 2. Let c(l) = 4*k(l) - 3*r(l). Let g(j) = -j**2 + 6*j - 2. Let d = 41 + -38. Let z be g(d). What is c(z)?
20
Let g(z) be the first derivative of -10*z + 160 - 4*z**3 + 11/2*z**2 + 1/4*z**4. What is g(11)?
-10
Let r be ((-4)/6)/((-8)/12). Suppose 2*v - 30 = -4*w, 16*v - 18*v - 6*w + 44 = 0. Let p be (-4)/r + 3 + 0 + v. Let k(d) = d**3 + d**2 - d. What is k(p)?
0
Suppose n + 442 = 435. Let k(j) = 5*j - 15. Let x(t) = -4*t + 14. Let c(g) = -5*k(g) - 6*x(g). Determine c(n).
-2
Let d(g) be the third derivative of 0*g**4 + 0*g**5 - 1/120*g**6 + 0 + g**3 + 0*g - 3*g**2. Let q be d(0). Let f(l) = l - 6. What is f(q)?
0
Let v(c) = 3*c + 5. Let w(r) be the second derivative of -2*r**3 - 21*r**2/2 + 98*r. Let u(b) = 9*v(b) + 2*w(b). What is u(-4)?
-9
Suppose 107 = o - 4*f + 80, -4*o + 4*f + 72 = 0. Let w(t) = -7*t + 118. Determine w(o).
13
Let o(q) = 2*q**2 - 2*q - 2. Let x = -57 - 167. Let m = -226 - x. Give o(m).
10
Let t(z) = 324*z**2 - 6*z. Let y(v) = 74*v**2 - v. Let i(c) = -2*t(c) + 9*y(c). Determine i(1).
21
Let f(j) = 59043*j**2 - 59044*j**2 + 20*j - 10*j - 10. Calculate f(7).
11
Let k(i) = -361*i + 4310. Let j be k(12). Let m(u) = u**2 + 21*u + 27. Give m(j).
49
Let s(d) be the second derivative of d**4/12 - 3*d**3/2 + 4*d**2 - 1269*d. Give s(10).
18
Let f(v) be the second derivative of v**5/20 - v**4/12 - v**3/2 + 2*v**2 - 333*v. Determine f(-2).
-2
Let s(w) be the first derivative of w**4 - w**3/3 - w**2/2 - 58902. Let b(c) = c + 4. Let z be b(-5). Determine s(z).
-4
Let k be (-20)/25*(6 + (-28)/8). Let x(u) = -6*u**3 + 2*u**2 - 3*u - 3. Calculate x(k).
59
Let y(c) = c**2 + 9*c + 1. Let n(x) = x**2 - 18*x - 3. Let o be n(19). Let j be o/(-2) + (-1 - -4) + -2. Determine y(j).
-13
Let h(x) = -6*x + 25. Suppose -8 = 4*z - 29*b + 33*b, -4*z + 3*b + 27 = 0. Calculate h(z).
7
Suppose 3*r = 5*f + 5, -f = -5*r + 2*f + 19. Let y be (-85)/(-34)*12/r. Let q(g) = 2*g - 6. What is q(y)?
6
Let n(o) = -26*o**2 + 3*o - 1. Let i(m) = -m**2 + 2*m. Suppose -118*c - 2 = -116*c. Let w(f) = c*n(f) + i(f). Give w(1).
25
Let x(n) be the second derivative of 1/2*n**3 + 0 + 3*n**2 + 261*n - 1/12*n**4. Determine x(7).
-22
Let j(y) be the first derivative of y**4/4 + 4*y**3/3 - y**2/2 - 3181. What is j(-3)?
12
Let g = -238 + 243. Let a(w) = -7*w**3 + 5*w**2 + 5*w - 7. Let f(c) = 4*c**3 - 2*c**2 - 3*c + 3. Let k(t) = -3*a(t) - 5*f(t). Calculate k(g).
6
Let i(t) = 22*t**3 - 2*t**2 - 2*t - 1. Let r = -3633 - -3632. What is i(r)?
-23
Let l(m) = 6*m + 2. Suppose -110*u + 101*u = -27. Let k(p) = -p - 1. Let t(r) = u*k(r) + l(r). What is t(-1)?
-4
Let d(c) be the second derivative of 41*c**3/2 + 1723*c**2/2 - c - 4447. Calculate d(-14).
1
Suppose 2*k - i - 4 = 0, -53*i + 8 = 2*k - 55*i. Let y(g) = -7*g + 63. What is y(k)?
63
Let d be 1/2*-9*2. Let w(j) = 110*j - 109*j + 0 - 2. What is w(d)?
-11
Let l = -264 - -266. Let n(j) be the first derivative of 1/2*j**l + 0*j - 10. Determine n(-7).
-7
Suppose 0 = 3*t + v - 87, -t - v = -6*v - 29. Suppose t - 4 = 5*i + g, -14 = i + 4*g. Let p(q) = -q**3 + 4*q**2 + 10*q - 7. What is p(i)?
-19
Let d(w) = 1 - w**3 + w**3 + 5*w**2 + w**3 - 7*w. Let b be (-296)/50 + 32*(-51)/20400. Determine d(b).
7
Let l = 246 + -422. Let s = -187 - l. Let i(o) = o**2 + 10*o + 3. Determine i(s).
14
Let x(r) = -r**2 + 1. Let y(m) = -3*m**2 - 17*m - 7. Let w(u) = 2*x(u) - y(u). Calculate w(-17).
9
Let l be (-100)/(-550) - 64/(-11). Let o(g) = 4*g**2 + 6*g. Let v(i) = 5*i**2 + 8*i + 1. Let x(c) = l*o(c) - 5*v(c). Suppose 4*n + 0*n + 16 = 0. Give x(n).
-5
Let n(k) = 14*k - 70. Let f be n(5). Let p(r) = -r**2 - 20 - 7*r + 22 + f*r. What is p(-7)?
2
Let k(a) = -4*a + 1. Let s be ((-16)/6)/(12/(-18)). Let t(w) = -w + 22. Let u be t(s). Let o be (24/u)/((-12)/(-9)). Calculate k(o).
-3
Let v(p) = 4 + 6 - 4 - 2*p. Suppose 5*r + 6 = -19. Let d(s) = 2*s + 17. Let y be d(r). Give v(y).
-8
Let m(z) = z. Let f(g) = -3*g + 1. Let q(h) = -2*f(h) - 5*m(h). Suppose -42 + 40 = t. What is q(t)?
-4
Let h(r) = 3*r - 13. Let o(z) = 9*z - 118. Let d be o(3). Let a be 8 - (4/(-14) + 65/d). What is h(a)?
14
Suppose i = 9*i. Suppose i = -8*p - 16. Let a(z) = z + 1. Let j(v) = 4*v + 10. Let o(b) = p*j(b) + 6*a(b). What is o(-10)?
6
Suppose 26*k - 74 - 82 = 0. Suppose 60 = k*s + 14*s. Let c(d) = 2*d**2 - 5*d - 4. Determine c(s).
-1
Let p(r) be the first derivative of -r**4/12 + 13*r**3/6 + 15*r**2/2 + 189*r - 222. Let a(i) be the first derivative of p(i). Give a(13).
15
Let j(m) = -3 + 0*m**3 + 2*m + 2 + 2*m**3. Suppose 496*z - 868 = -308*z - 64. What is j(z)?
3
Let v(b) be the second derivative of 7*b**3/6 + 87*b**2/2 - 5889*b. Calculate v(-13).
-4
Let p(v) be the third derivative of -v**4/3 - 15*v**3/2 - 244*v**2 - 3*v. What is p(-6)?
3
Let u(h) = h**3 - h**2 + 2. Let d = 326 - 326. Suppose 49*s + 9 + 89 = d. Determine u(s).
-10
Let i(j) be the second derivative of -15/2*j**2 - 1/12*j**4 + 18*j + 2 + 0*j**3. Calculate i(0).
-15
Let v(u) = -2*u**2 - 122*u + 404. Let d be v(-64). Let w(o) = 12*o - 245. What is w(d)?
-5
Let v(s) = -6567 + 2*s + 2188 + 2196 + 2187. Determine v(4).
12
Let j(y) = -y**3 - 2*y**2 + 4*y + 3. Let w be j(-3). Suppose -3*i = -g + 10, w = -4*g + 5*g - i - 6. Let u(a) = -23*a - g + 0 + 13*a + 11*a. Determine u(7).
3
Let u(b) = -b**2 + 13*b - 22. Let c(i) = -3*i - 7. L